1. Let q be -2 + (-1)/1 + 14. Suppose 3*c - q = -2. Determine g(c).
-2
Let r(f) be the third derivative of -1/6*f**4 - 1/60*f**5 + 0*f - 6*f**2 + 2/3*f**3 + 0. What is r(-5)?
-1
Let k(u) = u**3 - 4*u**2 - 6*u + 4. Let z be k(5). Let b(w) = -3*w - 1. Determine b(z).
2
Let c(m) = 2*m**2 - 2 - 3*m**2 - 7*m - 5. Determine c(-6).
-1
Let c = 54 - 54. Let i(p) = p + 1. What is i(c)?
1
Let w(h) = -h**3 + 3*h**2 - h - 3. Let m be w(2). Let p(a) = 22*a**2. Calculate p(m).
22
Let p(t) = 21*t + 4. Let l(a) = -a - 17*a + 4*a + 32 - 35. Let f(v) = 7*l(v) + 5*p(v). What is f(-1)?
-8
Let g(f) = f**2 - 7*f. Let q(n) = 2*n + 2. Suppose -5*s - 3*a - 5 = 0, 0 = 5*s - a - 8 - 7. Let p be q(s). What is g(p)?
-6
Let i = -14 - -10. Let w(d) = 3*d**2 + 4*d - 3. Let c(n) = -2 + 0*n + 0 + 2*n**2 + 3*n. Let q(t) = i*c(t) + 3*w(t). Determine q(-2).
3
Let a(o) = -o**2 + 8*o - 2. Let j(i) be the third derivative of -i**6/120 - i**5/12 + i**3 - 6*i**2. Let x be j(-5). Give a(x).
10
Let m = -4 - -5. Let r(i) = 9*i**2 - i + 6. Let k(v) = -26*v**2 + 2*v + 7*v**2 - 13 + 0*v. Let a(z) = 6*k(z) + 13*r(z). What is a(m)?
2
Let q be (-42)/(-28) - (-3)/2. Let t(j) = j**q - 6*j**2 + 2 + 11*j**2 - 4*j**2. Give t(-2).
-2
Let u be (-10)/(-45) + 32/18. Let w(s) = -u - 2*s + 4*s + 2 - 2. Calculate w(-2).
-6
Suppose 12 = 2*c + c. Let v(s) be the third derivative of 1/24*s**c + 2/3*s**3 + 0 + 0*s + 2*s**2. What is v(-5)?
-1
Let o(c) = -4*c**2 + 5 + c**3 - c + 0*c**3 - 4. Give o(4).
-3
Let j(s) = -s**3 - 2*s**2 + s - 3. Let n(f) be the third derivative of -f**5/60 - f**4/6 - f**3/2 - 3*f**2. Let h be n(-4). Determine j(h).
3
Let o(j) = -4*j**3 - 6*j**2 + 5*j. Let w(r) = -5*r**3 - 7*r**2 + 6*r. Let h(n) = 6*o(n) - 5*w(n). Give h(0).
0
Let t(y) = y**3 - 6*y**2 - 2*y + 7. Let q(i) = -i**3 + 6*i**2 + 4*i - 7. Let j(l) = 2*q(l) + 3*t(l). Let h = -6 + 11. Determine j(h).
-8
Let x(o) = o - 4. Let l(m) = m**2 + 18*m - 47. Let p be l(-20). Calculate x(p).
-11
Suppose -3*c = 4 - 19. Let w(t) = 0*t + 3*t**2 - c*t + 0*t**2 + 3*t**3 - 2 - 2*t**3. What is w(-4)?
2
Let l be 1*-3 + (11 - 9). Let n(q) = 13*q**2 - 1. Give n(l).
12
Let c(s) = -s**2 + 4*s - 4. Let q(n) = 2*n + 21. Let f be q(-9). Give c(f).
-1
Let o be (3/6 + -1)*(14 - 12). Let l(n) = 10*n**3 - 4*n**2 + 5*n - 5. Let m(c) = -10*c**3 + 3*c**2 - 4*c + 4. Let j(y) = -4*l(y) - 5*m(y). Give j(o).
-9
Let r(s) = -s**2 + 7. Let g(w) = -1. Let a(m) = -6*g(m) - r(m). Let z be a(-2). Let c be 12*(0 + 1/z). Let t(x) = x**3 - 5*x**2 + 4*x + 5. Calculate t(c).
5
Let l(o) = o + 8. Let k be (2 + -3)/(1/(-11)). Let q(s) = s - 101. Let v(p) = -25. Let u(f) = 2*q(f) - 9*v(f). Let i(g) = k*l(g) - 4*u(g). Determine i(3).
5
Let z(s) = s**2 - s - 12. Let n(g) = g + 7. Let k(m) = 7*n(m) + 4*z(m). Let i(f) = 2*f**3 - f**2 - f. Let c be i(-1). Give k(c).
11
Let j = 10 - 8. Let w(g) = 3*g + 5*g - g**j + 7 - 4*g + 0*g**2. Let k be w(6). Let c(m) = -m**2 - 3*m + 2. Determine c(k).
-8
Let o(l) = -3*l + 1. Suppose k - 1 = -0*k. Suppose 0*z - z = -k. Let r be 3*z*(-2)/6. Determine o(r).
4
Let u(v) = -4*v - 5*v**2 - 4 - 2*v**2 + 8*v**2 - 1. What is u(5)?
0
Suppose 4*u - 35 = -a - 2*a, -2*u = -5*a + 15. Suppose 6 = 3*f - u*f. Let i(s) = -7*s + 1 + 4*s - 2. Give i(f).
8
Let n(l) be the third derivative of l**4/12 - l**3/6 + 8*l**2. Calculate n(-1).
-3
Let z(w) = w - 15. Suppose -5*o = -2*y - o + 12, 0 = -4*y + 4*o + 12. Give z(y).
-15
Let k(r) be the third derivative of r**7/1260 - r**6/720 - r**5/20 - 3*r**2. Let z(f) be the third derivative of k(f). What is z(-1)?
-5
Let p(o) = o**2 - 5. Suppose 0 = -4*a + 2*a - x + 8, -18 = -a - 4*x. Let l(n) = -6*n**2 + n + 26. Let u(q) = a*l(q) + 11*p(q). What is u(2)?
-3
Let j(l) = l**2 + 8*l + 6. Let n = -16 + 9. Let q be j(n). Let x(p) = -p**3. Let f(u) = 4*u**3 + u**2 + u. Let o(t) = f(t) + 2*x(t). Give o(q).
-2
Let n(d) = d**3 + 11*d**2 + 9*d - 6. Suppose b = 3*b - 5*k + 25, 0 = 3*b - 3*k + 33. Determine n(b).
4
Suppose 7*m - 6*m = 0. Suppose -3*c + 4*c + 1 = m. Let k(j) = j + 1. Determine k(c).
0
Let j(o) be the second derivative of o**3/6 - o**2/2 + 18*o. Give j(4).
3
Let l(q) = -5*q - 353 + 348 - q. What is l(-4)?
19
Let w(j) be the second derivative of -j**3/2 - 9*j**2/2 - 42*j. Calculate w(-6).
9
Let w(i) = i**2 + 3*i - 2. Let a be -1 - ((-20)/4 - 0). Suppose 3*h - 4*k = -12, -a - 12 = 4*h + 5*k. Give w(h).
2
Let w(h) = -h**3 + 6*h**2 - 3*h - 8. Let p be w(5). Let r(q) = -3*q**2 + 3*q. Give r(p).
-6
Let l(g) = g**3 - g**2 - g - 1. Let y(s) be the second derivative of -s**4/12 + s**3/2 + s. Let r be y(2). Suppose -r = -o, 3*h - 8 = -2*h + o. Calculate l(h).
1
Suppose -2 = f - 0. Let g be ((-8)/(-4) + -2)/f. Let t(q) = q**3 - q - 10. Give t(g).
-10
Let n be -2*-6*(-9)/(-12). Suppose 0 = -5*c - 5*b + n + 6, -4*c = 5*b - 13. Let w(l) = l + 0*l - c*l + 9. What is w(6)?
3
Let s(z) = -z**2 + z + 11. Let l = -21 + 21. What is s(l)?
11
Suppose c - 17 = -4*x - 0*x, x - 5*c + 22 = 0. Suppose 4*m = 29 - 5. Let l(q) = m - 6 + q. Determine l(x).
3
Let n be (-2)/(7/(28/(-8))) - 7. Let s(i) = -i**3 - 6*i**2 + 2*i + 5. Give s(n).
-7
Let j(i) = i + 4. Let b be j(-6). Let o be b + 0/((-2)/1). Let w(q) = q**2 - q + 1. Let v(x) = -5*x**2 + 4*x - 6. Let k(h) = v(h) + 6*w(h). Calculate k(o).
8
Let v = 3 - -1. Let b be 2/(-7) + v/14. Let z = -3 + b. Let q(m) = m + 5. What is q(z)?
2
Let i(o) = 5*o**2 + 2*o - 4. Let k(z) = 6*z**2 + z - 6. Let q(l) = -5*i(l) + 4*k(l). Let p = -6 - -2. Calculate q(p).
4
Let w(o) = o - 2. Suppose 2*p + 7 - 19 = 0. What is w(p)?
4
Let h(m) = -m**3 - m**2 + 2*m + 2. Suppose -2*g - 4 = -0. Calculate h(g).
2
Let b(c) = -5*c**2 - c**3 - 1 + 5*c**2 + c. Let g = 0 + 0. Suppose g = -0*o - o + 2. Give b(o).
-7
Let j(u) be the first derivative of u**2/2 + 6*u + 9. Calculate j(-6).
0
Let c = 12 - 10. Let t(p) = 3*p - 1. What is t(c)?
5
Suppose 0 = -5*l - f + 14, 3*l - 12 = -f - 2. Let r(m) = 5 + m + l - 3. Let j(x) = x + 2. Let w(o) = 7*j(o) - 4*r(o). Give w(2).
4
Let j be (-1 + -11)/(8/(-4)). Let b(y) = y**3 - 5*y**2 - 5*y - 5. Calculate b(j).
1
Let g(j) = -6*j + 3. Let n(w) = 2*w - 16. Let m be n(9). Determine g(m).
-9
Let u(w) = -w + 1. Let p be u(1). Suppose 3*g = p, 2*g = -3*h - 11 + 2. Let f be (h/(-2))/(3/4). Let t(q) = -5*q + 3. Determine t(f).
-7
Let h(x) = x - 41 - 32 + 69. Determine h(4).
0
Let j = -11 - -11. Suppose j = 3*g + 4*g - 21. Let h(c) = -c**3 + 2*c**2 + 3*c - 3. Give h(g).
-3
Suppose -2*w = -2*s + 12, s + 3*s - 18 = w. Suppose -o - 3*q + 6 = -s*o, 0 = -4*q + 8. Let d(g) = g**3. Calculate d(o).
0
Let u(c) = 2 - 18*c**2 + 41*c**2 + 2*c**3 - 24*c**2. Calculate u(2).
14
Let j(u) be the first derivative of -u**4/4 + 4*u**3/3 + 4*u + 9. Give j(4).
4
Suppose -5 = -3*k + 2*h + 1, 4*k = -5*h - 15. Let q(f) be the second derivative of -1/6*f**3 - 1/6*f**4 + k + 0*f**2 - 2*f + 1/20*f**5. What is q(3)?
6
Let o = 4/9 + 19/18. Let t(c) be the second derivative of -3*c + 0 - o*c**2 + 1/6*c**3. Give t(0).
-3
Let y(u) = u - 1. Let x(h) = 4*h - 2. Let c(w) = -x(w) + 5*y(w). What is c(0)?
-3
Let u(c) = c**3 - 6*c**2 + 2*c - 12. Let n be u(6). Let y(x) = x**3 + x**2 - x + 4. What is y(n)?
4
Let t(l) = 2*l**3 - 5*l**2 - 4*l. Let d(x) be the first derivative of -x**4/2 + 4*x**3/3 + 3*x**2/2 - 9. Let y(r) = 5*d(r) + 4*t(r). Give y(1).
-3
Let g be ((-5)/(20/(-8)))/(-1). Let n(t) = -2*t**3 - 2*t**2 + 2*t. Give n(g).
4
Let h(o) = 4*o**2 + o**2 - 4*o**2 + 2*o**2. Determine h(-2).
12
Let d(w) = 3*w**2 + 4*w - 4. Let m(x) = 4*x**2 + 3*x - 5. Let r(o) = -3*d(o) + 2*m(o). Determine r(-7).
-5
Let p be (-2)/(6/(-15)) + -11. Let j(v) = 2*v + 8. What is j(p)?
-4
Suppose -4*r - 20 = -8*r. Suppose 0 = -8*o + r*o + 6. Let c(h) = -5 - 7*h**2 + 2 + 3*h**o + h**3 + 3*h. Give c(3).
-3
Let z(y) = 2*y - 7. Let a(l) = -6*l + 20. Let g(c) = -2*a(c) - 7*z(c). What is g(6)?
-3
Let v(n) = 13*n**2 - 6*n - 5. Suppose 4*z = -z - 30. Let d(b) = 38*b**2 - 17*b - 14. Let m(s) = z*d(s) + 17*v(s). Suppose -2*w - 2 = -4*w. What is m(w)?
-8
Let a be ((-5)/(-2) + -1)*-2. Let w(l) = 3*l. What is w(a)?
-9
Let a(t) = t**2 + t - 1. Let z(v) = v**3 - 7*v**2 - 6*v + 6. Let y(i) = -6*a(i) - z(i). Suppose g + 0*g = -3*h - 3, 0 = -2*h + 3*g - 2. Determine y(h).
2
Let d(y) be the second derivative of y**4/12 + 2*y**3 + 7*y**2 + 2*y + 50. Give d(-10).
-6
Let t(w) = w**3 + 2*w**2 - 